- 3*x + 352 = 40. Let t be 1/(322/j + -2). Let p = 136 + t. Is p composite?
True
Let k be 2/(1 + (-76)/74). Is (k/4)/(7/(-98)) a composite number?
True
Let w = 570 + 476. Is w a prime number?
False
Let b be (20/(-12))/(3/(-18)). Suppose p + 2*n = 5, 0 = -3*p + p + 5*n + b. Suppose -p*d = k - 33, 2*k - 165 = -3*k + d. Is k prime?
False
Suppose 3*m - 40 = -m. Let x = 4 + m. Is x a prime number?
False
Suppose 0 = 5*f - 5*l + 320, 256 = -4*f + 2*l - 0*l. Let h = 98 + f. Is h a composite number?
True
Let r(c) = 98*c - 1. Is r(3) composite?
False
Let g(m) = 4*m**2 + 3*m - 10. Is g(9) a composite number?
True
Suppose -36 = -4*x - 8. Is (-2 - -3)*3*x a prime number?
False
Suppose 4*m - 15 = -m. Suppose 2*o + 10 = -j + 50, 0 = m*j. Suppose 3*u - o = -2. Is u composite?
True
Let g(o) = -20*o**3 + o + 1. Let w be g(-1). Suppose 3*m - 5*i - 591 = 185, 4*i = w. Suppose c + m = 4*c. Is c prime?
True
Suppose -2*o - o = -12. Suppose -o*z = -0*z - 1324. Is z prime?
True
Suppose -3*q + 50 = 3*b - 2*b, 104 = 2*b + 2*q. Is b a prime number?
True
Suppose -4*q - j - 317 = 0, j = q - j + 68. Let z = -177 - -121. Let v = z - q. Is v a prime number?
False
Let n(b) be the third derivative of -b**6/360 - b**5/30 - b**4/24 + b**3/2 + b**2. Let f(m) be the first derivative of n(m). Is f(-3) prime?
True
Let b = 11 + -7. Let g(u) = -u**2 + 4*u + 4. Let z be g(b). Suppose 0*s - 2*s = -z*r + 24, -2*r + 4*s = -6. Is r composite?
False
Let q = 124 - -67. Is q prime?
True
Is (2/(-2))/(2/(-826)) a composite number?
True
Let o = -144 - -390. Suppose -4*w = -2*w + 4*l - o, -4*l + 373 = 3*w. Is w a composite number?
False
Suppose -4*v + 4*m = 8, -v = -0*v + 4*m - 8. Suppose v = -3*x + 214 + 71. Is x a prime number?
False
Is (1 - 1) + 69545/35 a prime number?
True
Suppose 2*a = -2*p + 592, 403 - 1590 = -4*a - 3*p. Let m = 460 - a. Is m a prime number?
False
Suppose 3*f - 4 = f. Let x = 2 - f. Suppose -2*n - n - 3*r + 6 = x, -5*n + 5*r = -60. Is n a composite number?
False
Let b(i) be the first derivative of -7/2*i**2 - 2 + 6*i + 2/3*i**3. Is b(4) a prime number?
False
Let g(j) be the first derivative of j**4/3 - j**3/2 + j**2 - 3. Let y(m) be the second derivative of g(m). Is y(3) a composite number?
True
Suppose -4*o = -g - 0*o - 22, -3*g - 66 = -5*o. Let v = g + 111. Is v a composite number?
False
Suppose 14 = -5*h - 3*a - 0*a, a = -5*h - 18. Let q = h - -2. Is q - (1 - 2)*23 a composite number?
True
Let a = 217 + -76. Is a prime?
False
Let s be 21*(1/1)/3. Let r be 331/s - (-4)/(-14). Suppose -555 + r = -4*t. Is t a composite number?
False
Suppose 2*y = 4*j + 136, 4*y - 6*j - 268 = -2*j. Suppose 4*k = k + y. Is k prime?
False
Let f be ((-1206)/15)/3*5. Let x = -79 - f. Is x a composite number?
True
Let h(v) = 211*v + 14. Is h(3) composite?
False
Let n(o) = o - 13. Let u be n(13). Suppose r - 20 - 99 = u. Is r prime?
False
Suppose 2*i + 3*n = i + 208, -2*i - n = -431. Is i a prime number?
False
Let u(c) = -2*c**3 - c**2 + 2*c + 3. Let v be u(3). Let d = v - -77. Is d prime?
True
Suppose v = 3, -5*v - 71 - 169 = -3*u. Is u composite?
True
Let r = -874 + 1253. Is r a composite number?
False
Let s = 766 + -393. Is s a prime number?
True
Let h(m) = 30*m - 17. Is h(8) composite?
False
Let n be 1*3 + 14/7. Let g(d) = 3*d**3 - 5*d**2 - 3*d - 2. Is g(n) a composite number?
False
Suppose 9 = 3*p - 0*p + 4*t, 43 = 4*p - 5*t. Is p composite?
False
Let a(l) = 196*l**2 + 4*l + 5. Is a(-3) a prime number?
False
Suppose -4*v = 2*v - 114. Is v prime?
True
Let d = -366 - -577. Suppose 382 = 2*b - 4*i, 3*i - d = -b - 0*i. Is b a composite number?
False
Let k = 0 + 2. Suppose 198 = k*w + w. Suppose -3*g + w = m - 2*m, -g = -m - 20. Is g a prime number?
True
Let b(v) = 8*v**3 + 24*v**2 - 11*v - 7. Let y(p) = -3*p**3 - 8*p**2 + 4*p + 2. Let s(n) = 4*b(n) + 11*y(n). Let c be s(8). Is (-64)/(-6) + c/9 composite?
True
Let z(n) = 1875*n + 11. Is z(2) prime?
True
Let j be 2432/3 + (-4)/(-12). Suppose 9*a - 3*v = 4*a + j, 648 = 4*a - 2*v. Is a prime?
False
Let o = 69 - 30. Suppose -76 = -5*b + o. Let d = b + 0. Is d a composite number?
False
Suppose -2*n = 5*g - 1833, -5*n + 4*g = -n - 3680. Is n composite?
False
Let h be (-6)/(6*(-2)/(-8)). Let k = 6 + h. Suppose 3*u = -3, k*u = -4*y + 45 + 5. Is y a prime number?
True
Suppose -5*z = -6*z. Suppose z = h - 6*h. Suppose 0 = 2*r - 4*n - 130, h*r + 3*r - 170 = n. Is r composite?
True
Let r(f) = -f - 3. Let b be r(-6). Suppose o + 3*t = -2*t + 41, -67 = -b*o - t. Is o a composite number?
True
Let q(a) = a**2 + 2*a**2 - 4 + a - 5*a. Is q(-5) prime?
False
Let j be (-6880)/(-18) - 2/9. Suppose 5*d - 283 - j = 0. Is d prime?
False
Let q(n) = n**3 - 3*n**2 + 2*n - 3. Let s be q(3). Suppose -s*x - 245 = -8*x. Is x a composite number?
True
Let n(v) = 2*v**2 - 36*v + 68. Is n(23) composite?
True
Let t(w) = 3*w + 479. Is t(0) composite?
False
Let c(s) = 3*s**2 - 6*s + 5. Let f be c(4). Suppose -q - 184 = q. Let u = f - q. Is u prime?
False
Let z = -10 - -18. Let y(b) = -b**3 + 7*b**2 + 3*b - 2. Let m be y(z). Let g = -21 - m. Is g prime?
False
Let n(x) = 2*x - 7. Let a be n(6). Suppose -890 = -a*t + 5*d, -4*t + 5*d = -0*d - 707. Is t a prime number?
False
Let u be (2 + -3)*(701 + 0). Let p = 39 - u. Suppose p = j + 3*j. Is j a composite number?
True
Let w(l) = 27*l - 22. Is w(13) a composite number?
True
Let v be (3/(-2))/((-18)/60). Suppose -v*c - 3*h + 70 = 0, 3*h + 4 = 2*c - 3. Is (-3)/(-2)*(c + -1) a prime number?
False
Suppose 0 = 2*n - 0*n - 12. Suppose -2*a - 440 = -n*a + 4*f, 2*a = 3*f + 215. Is a a composite number?
True
Let w = 386 - -201. Is w composite?
False
Suppose -2*p = u - 6, p = 5*u - 7 - 1. Is (2596/(-8))/(-1)*p composite?
True
Let x be (-1)/(-1) - (-2 - 2). Suppose 5*o = 20 - x. Is o prime?
True
Suppose o - 9 = 13. Is o a composite number?
True
Let o = -4 - -16. Suppose -3*t + 129 = o. Is t composite?
True
Let k(d) = 38*d + 5. Let j be k(-6). Let y = -74 - j. Is y a prime number?
True
Let c be 240*-4*(-6)/20. Suppose 0 = -3*u + c + 24. Let k = u + -49. Is k a prime number?
False
Let s(c) = 4*c**2. Let k be s(1). Suppose 3*t = -5*v + 200, 60 = k*v - 3*t - 73. Suppose l = -0*l + v. Is l composite?
False
Let g = -1300 + 1841. Is g a prime number?
True
Suppose 2*l = -3*y + 10 - 2, y + l = 2. Let o be (-4)/(-8) + (-2)/y. Let v(z) = z + 118. Is v(o) composite?
True
Let f(z) = 5*z. Let q be f(2). Let g = -13 - -18. Suppose c + 0*c - q = -5*d, -50 = -g*c - d. Is c a composite number?
True
Let y(f) be the first derivative of 15*f**2 - 5*f + 3. Suppose -j + 15 = 2*j. Is y(j) prime?
False
Let p(z) = -20*z**2 + 4*z + 5. Let w(c) = -1. Let b(d) = -p(d) - 4*w(d). Is b(-3) composite?
False
Let g(s) = 3 + 16*s - 7 + 1 - 1. Let p be g(3). Let o = p + -23. Is o composite?
True
Suppose -4*q = -23 - 109. Is q composite?
True
Let b = 4 + -6. Let c(p) = -p. Let x be c(b). Is 1/2 + 19/x composite?
True
Suppose -l + 5*w + 183 = 0, -3*l - w = l - 648. Let h = l - 93. Suppose 4*v - 2*j = h, -j - 5 = v + 3*j. Is v composite?
True
Is (2/(-4))/((-6)/804) composite?
False
Let j(q) = -q**2 + 7*q - 7. Let x be j(5). Suppose -x*f - f = -12. Suppose 105 + 240 = f*p. Is p a prime number?
False
Let r(d) = -d**3 + 6*d**2 + 6*d + 9. Let p be r(7). Suppose -f - p + 8 = 0. Is f a prime number?
False
Is ((1 - 4) + 4)*641 prime?
True
Suppose 6 = -9*i + 3*i. Is (i/(-3))/((-4)/(-3012)) composite?
False
Let o(n) = n**2 - 12*n + 9. Let c = -14 + 23. Let r be o(c). Let d = r - -71. Is d a composite number?
False
Let y be (-9)/((-12)/4) - 0. Is ((-406)/y)/((-4)/6) composite?
True
Suppose 7 = 5*w - 0*w + 2*z, 5*w = 3*z + 27. Suppose 0 = w*k - 0*k - 9. Suppose -d = -4*j + 121, -8*j + 164 = -k*j + 3*d. Is j prime?
True
Let d be (-1 + -1 + 2)/(-3). Let g = d - -15. Suppose 4*f = 3*u - 479, -5*f - 171 = -u - g. Is u prime?
False
Suppose -6 = o - 13. Suppose 5*a - 10 = 0, 3*f - a = o*f - 14. Suppose -n - 50 = -f*n. Is n composite?
True
Let z be -9 - (1 - -2)/(-3). Let y = z + 24. Let x = 29 - y. Is x a prime number?
True
Let y = 49 - 141. Let j = -43 - y. Is j a prime number?
False
Let s(d) = d**3 - d - 1. Let c(p) = -5*p**3 + 9*p**2 - 4*p - 1. Let x(h) = c(h) + 4*s(h). Is x(7) prime?
True
Let l be -1*(3 + 0 + 0). Is -2 - (-24 - (l + 2)) a composite number?
True
Suppose -2*d = -4*p - 634, 0 = -3*d +